 + 217. Give j(1).
2926
Let w(b) = b**3 + 103*b**2 - 311*b + 816. Determine w(-106).
74
Let l(q) = 40818*q + 571442. Determine l(-14).
-10
Let g(b) = 2*b**2 - 76346*b - 763658. What is g(-10)?
2
Let p(l) = 49*l**2 + 409*l + 7. Give p(-9).
295
Let p(v) = 17*v - 4610. What is p(272)?
14
Let o(y) = y**2 + 130567*y + 261131. Determine o(-2).
1
Let p(i) = i**3 + 384*i**2 + 1229*i + 177628. Determine p(-382).
-2
Let a(w) = 3078646*w - 18471873. Determine a(6).
3
Let r(g) = 886*g - 12144. Determine r(12).
-1512
Let y(p) = -p**2 - 10886*p + 360320. What is y(33)?
-7
Let q(p) = -14*p**3 + 6*p**2 - 104*p + 557. What is q(6)?
-2875
Let d(m) = -6152*m - 627494. Calculate d(-102).
10
Let q(l) = -1279*l**3 - 17*l**2 + 5*l + 11. Determine q(1).
-1280
Let r(a) = 21*a**2 - 297*a - 5832. Calculate r(25).
-132
Let u(l) = 35835*l**2 + 215011*l + 6. Calculate u(-6).
0
Let y(w) = 595*w - 11793. Give y(15).
-2868
Let a(j) = -j**2 - 235*j + 1788. What is a(-243)?
-156
Let s(x) = 22540*x + 563485. Calculate s(-25).
-15
Let g(f) = 835*f - 614. Give g(1).
221
Let j(r) = 2*r**3 - 35*r**2 + 425*r - 9154. What is j(19)?
4
Let t(s) = 7*s**3 + 362*s**2 + 258*s + 130. Calculate t(-51).
-23
Let p(k) = 7089*k**2 + 42533*k - 11. Calculate p(-6).
-5
Let p(w) = -w**3 + 4*w**2 - 1097*w + 6534. Give p(6).
-120
Let r(c) = -19*c**2 - 14766*c + 59015. Give r(4).
-353
Let z(j) = -1212*j**2 - 7276*j + 8. Determine z(-6).
32
Let g(r) = r**2 + 1930*r - 7727. What is g(4)?
9
Let a(f) = -7738*f - 223234. Determine a(-29).
1168
Let z(l) = 347*l**2 + 329*l + 32. Calculate z(-1).
50
Let k(r) = 5447*r + 21962. Give k(-4).
174
Let k(l) = -18*l**2 + 1069*l + 19457. Give k(74).
-5
Let y(r) = 2*r**3 + 31*r**2 + 238*r + 57. Calculate y(-12).
-1791
Let s(y) = -42*y + 1969. What is s(47)?
-5
Let q(i) = 475*i + 15102. Determine q(-32).
-98
Let h(c) = -2*c**3 - 3577*c**2 - 70743*c - 70. Determine h(-20).
-10
Let j(i) = i**2 - 4080*i + 121492. Give j(30).
-8
Let q(i) = 10613*i - 265260. Give q(25).
65
Let x(b) = -b**3 + 401*b**2 - 1990*b + 4243. Determine x(396).
283
Let k(m) = -4*m**2 - 443*m - 11807. Give k(-66).
7
Let r(g) = -2*g**2 + 475*g - 15698. Give r(198).
-56
Let w(b) = -b**3 + 46*b**2 + 11*b - 1725. Give w(46).
-1219
Let m(f) = -7*f**3 - 448*f**2 - 4*f - 253. What is m(-64)?
3
Let q(u) = u**2 + 48*u - 8342. Give q(-118).
-82
Let o(m) = 1185*m + 1555900. Calculate o(-1313).
-5
Let i(v) = -7*v**2 + 298*v - 2475. Determine i(31).
36
Let h(d) = -4*d**3 + 60*d**2 - 417*d + 1001. Calculate h(4).
37
Let x(h) = -2*h**3 + 31*h**2 - 29*h + 677. Calculate x(16).
-43
Let f(h) = -h**2 - 1238*h - 23249. Give f(-19).
-88
Let r(u) = 3615*u - 155449. What is r(43)?
-4
Let c(y) = y**3 + y**2 - 55*y + 185. Give c(3).
56
Let w(o) = 74*o**2 - 429*o - 6. What is w(7)?
617
Let p(u) = -u**3 + 2540*u**2 - 70337*u + 50. Determine p(28).
22
Let l(z) = 22*z**2 - 1286*z - 2000. Give l(60).
40
Let v(r) = 91*r**2 + 696*r - 26. What is v(-8)?
230
Let j(r) = -15544*r + 1305643. Give j(84).
-53
Let t(v) = -31329*v - 344612. Determine t(-11).
7
Let v(m) = -m**2 + 3338*m + 379. Give v(0).
379
Let z(d) = 108*d - 14318. Calculate z(153).
2206
Let d(t) = 2*t**3 - 974*t**2 - 296379*t - 644. Calculate d(-212).
-8
Let u(z) = 2*z**2 - 242*z - 81974. Give u(272).
170
Let t(z) = 3*z**3 - 6*z**2 - 621*z - 471. Calculate t(-13).
-3
Let k(x) = -22*x**2 - 1134*x + 514. Determine k(-52).
-6
Let u(p) = p**3 + 100*p**2 + 283*p - 1031. Give u(-97).
-255
Let t(r) = -2*r**2 + 71600*r - 143195. Determine t(2).
-3
Let u(v) = v**2 - 185*v + 7172. What is u(129)?
-52
Let t(p) = 12824*p - 154012. Determine t(12).
-124
Let j(h) = -6739*h - 60231. Calculate j(-9).
420
Let k(p) = 2*p**2 - 2337*p + 103256. Determine k(46).
-14
Let y(v) = -3*v**2 + 12811*v + 141318. What is y(-11)?
34
Let b(h) = -6612*h + 1686022. Calculate b(255).
-38
Let p(c) = -3428*c + 219362. Determine p(64).
-30
Let m(r) = 18*r**2 - 158*r - 50. Calculate m(13).
938
Let n(i) = 7*i**2 - 129*i - 1808. Determine n(-17).
2408
Let n(a) = -64*a**2 + 2263*a + 931. What is n(36)?
-545
Let v(z) = 204*z + 27954. Calculate v(-137).
6
Let w(r) = r**2 + 325*r + 6954. Determine w(-23).
8
Let z(t) = 18*t**3 - 106*t**2 - 21*t + 151. Calculate z(6).
97
Let k(t) = -2832*t - 13640. What is k(-5)?
520
Let h(c) = -3182*c - 117728. Calculate h(-37).
6
Let t(l) = -2*l**2 + 3622*l - 25342. Calculate t(7).
-86
Let u(v) = -37*v**2 + 1669*v - 209. What is u(45)?
-29
Let m(q) = 1038*q - 9341. Calculate m(9).
1
Let z(p) = -13*p**2 + 1763*p + 596. Determine z(136).
-84
Let w(c) = c**3 + 587*c**2 + 10243*c - 4. Calculate w(-18).
-22
Let z(q) = -220815*q - 8832592. Determine z(-40).
8
Let z(w) = -62*w - 3903. Calculate z(-68).
313
Let n(l) = 28*l**2 - 283*l - 633. Calculate n(12).
3
Let p(l) = -118706*l + 4629523. What is p(39)?
-11
Let d(n) = n**2 + 2711*n + 35153. Determine d(-13).
79
Let k(y) = -40318*y - 3910842. What is k(-97)?
4
Let i(p) = 30046*p + 1081669. What is i(-36)?
13
Let h(c) = -2*c**3 + 69*c**2 - 58*c - 356. What is h(34)?
-1172
Let q(r) = 10*r**2 - 409*r + 4372. Determine q(19).
211
Let f(x) = -53*x**2 + 68*x + 39. What is f(-2)?
-309
Let z(u) = -8*u**2 + 114*u + 418. Determine z(-3).
4
Let i(t) = t**3 - 21*t**2 + 25*t + 245. Give i(21).
770
Let z(w) = 696*w + 1654. What is z(-2)?
262
Let j(a) = -32174*a - 707881. Give j(-22).
-53
Let m(f) = -27298*f + 165065. What is m(6)?
1277
Let o(b) = 6876*b + 48558. Determine o(-7).
426
Let o(v) = 544*v + 7153. Give o(-14).
-463
Let x(u) = -11*u**2 - 286*u + 572. Calculate x(2).
-44
Let h(a) = -783*a + 239839. Determine h(306).
241
Let n(x) = 33640*x - 7299890. Calculate n(217).
-10
Let i(d) = -46*d**2 - 139*d - 69. Determine i(-5).
-524
Let p(i) = -1817*i - 72770. Calculate p(-40).
-90
Let r(o) = -648*o**2 - 7806*o - 354. Calculate r(-12).
6
Let y(z) = 15*z**3 - 11668*z**2 - 1513*z - 33464. Calculate y(778).
-10
Let w(j) = 4*j**3 - 505*j**2 + 1955*j - 13. What is w(4)?
-17
Let q(i) = 88*i**2 + 1193*i - 7058. Give q(-18).
-20
Let m(c) = 6*c**2 - 2412*c - 185326. Determine m(-66).
2
Let l(k) = -k**3 - 9*k**2 + 101*k + 78. Calculate l(0).
78
Let l(j) = 128*j + 1014. What is l(-6)?
246
Let m(u) = u**3 + 2*u**2 - 5978*u + 35834. Calculate m(6).
254
Let s(o) = -o**3 + 12*o**2 + 21*o - 401. Calculate s(7).
-9
Let d(t) = -6*t**3 + 486*t**2 - 1850*t + 150. What is d(77)?
-4
Let p(j) = 24*j**2 + 15*j - 47. What is p(-10)?
2203
Let n(l) = -6*l**3 + 979*l**2 - 160*l - 339. Determine n(163).
150
Let x(j) = -j**3 - 63*j**2 - 599*j + 463. Calculate x(-51).
-200
Let a(n) = -9*n**2 + 468*n + 9443. Give a(-22).
-5209
Let u(c) = -52755*c + 211011. What is u(4)?
-9
Let w(s) = 35*s**2 - 115*s + 480. What is w(4)?
580
Let m(a) = -36*a**2 + 65880*a + 65880. Calculate m(-1).
-36
Let u(j) = -2192*j - 15897. Determine u(-7).
-553
Let n(u) = -629*u + 1090. What is n(2)?
-168
Let v(j) = 4715*j - 51793. What is v(11)?
72
Let i(v) = -v**2 + 14582*v - 712144. What is i(49)?
-27
Let s(d) = 1198*d - 33735. Determine s(29).
1007
Let c(i) = i**3 + 28*i**2 - 77*i + 967. Determine c(-30).
1477
Let k(s) = s**3 + 354*s**2 + 143*s - 74132. Calculate k(-353).
-2
Let z(w) = 5*w**2 - 3040*w - 267545. Give z(-78).
-5
Let m(i) = 3*i**3 + 63*i**2 + 4715*i + 93097. Calculate m(-20).
-3
Let z(s) = 22*s**2 - 1416*s + 489. Calculate z(64).
-23
Let u(x) = -x**2 + 476*x + 15119. Give u(-30).
-61
Let q(f) = 3*f**2 + 21290*f - 42590. Give q(2).
2
Let j(w) = -32*w + 4441. Give j(105).
1081
Let t(i) = -105708*i + 3382657. Determine t(32).
1
Let q(x) = x**3 - 45*x**2 + 11*x - 3016. Give q(46).
-394
Let v(a) = -a**3 + 137*a**2 - 228*a - 23315. What is v(134)?
1
Let r(p) = 2412*p + 10429. What is r(-5)?
-1631
Let h(b) = b**3 - 149*b**2 + 125*b + 3628. Determine h(148).
224
Let n(q) = -211*q - 78683. What is n(-372)?
-191
Let w(a) = 139678*a - 1257097. Determine w(9).
5
Let q(h) = -5*h**2 - 979*h - 13381. Determine q(-181).
13
Let i(f) = -34735*f - 729439. Calculate i(-21).
-4
Let t(w) = 180*w**2 - 5901*w - 1388. Determine t(33).
-101
Let w(g) = -3479*g - 1683870. Determine w(-484).
-34
Let s(j) = -17*j**3 - 617*j**2 - 183*j - 77. Determine s(-36).
31
Let q(w) = 7*w**2 + 142*w - 1041. Calculate q(-22).
-777
Let s(x) = x**2 - 231*x - 617892. Determine s(-679).
-2
Let p(w) = -w**2 + 100729*w + 1511149. Give p(-15).
